Suppose 0*k - k + 5*g = -15, -3*g = 5*k + 37. Let r = k - -56. Suppose -4*m + m = -r. Calculate the remainder when m is divided by 5.
2
Suppose 0 = -3*u - 2*m + 656, -111*u + m = -113*u + 437. Calculate the remainder when u is divided by 189.
29
Let k = -1288 - -1439. Calculate the remainder when k is divided by 47.
10
Suppose q = 4*z - 0*z - 183, 166 = 3*z + 5*q. Calculate the remainder when 1454 is divided by z.
44
Let v(r) = 22*r + 276. Let z(k) = 7*k + 93. Let b(d) = -3*v(d) + 8*z(d). Calculate the remainder when 1/4 - (-87)/4 is divided by b(-9).
4
Let u(d) = d**2 - 24*d + 5. What is the remainder when u(-6) is divided by 27?
23
Let h = 3114 + -3083. Let l(y) = -4*y + 1. Calculate the remainder when h is divided by l(-2).
4
Let i(z) = -z**3 - z**2 - z + 19. Let l be 286/(-9) - -1*(-14)/63. Let v = -21 - l. Calculate the remainder when i(0) is divided by v.
8
Let q = 149 + -107. What is the remainder when 247 is divided by q?
37
Suppose 22*n - 18*n = 176. Suppose 0 = -2*k + 6*k - n. Calculate the remainder when k is divided by 1*(-1 - 4*-1).
2
Let u(j) = 30*j**2 + 6*j + 3. Calculate the remainder when u(-2) is divided by 28.
27
Suppose -941 + 71 = -30*w. Calculate the remainder when w is divided by 16.
13
Suppose -14910 = 286*y - 296*y. What is the remainder when y is divided by 18?
15
Suppose 2*c - j = 4, 0*j + 2*j + 8 = -3*c. Suppose 3*g + c*g - 37 = -4*h, -26 = -2*h - 4*g. What is the remainder when h is divided by 5 - -1*(1 + -1)?
2
Suppose 5*r = h + 10, 4*r + 4 = 2*h + 2*r. Suppose h*z - 106 = -16. Calculate the remainder when z is divided by 5.
3
Suppose -4*k + 2*z = -140, 0 = 5*k - 8*z + 9*z - 175. Calculate the remainder when 628 is divided by k.
33
Suppose 3*u - 102 = -27. Suppose -u = -2*y - g, 3*y + 4 = -3*g + 43. Calculate the remainder when y is divided by 9.
3
Let k(w) = -w**3 + 4*w**2 - 2*w + 1. Let x be k(3). Suppose -x*v - 8 + 12 = 0. Let h = v + 25. What is the remainder when 103 is divided by h?
25
Let k(r) = -r**3 - 16*r**2 + 34*r + 23. What is the remainder when k(-18) is divided by 39?
20
Suppose x - 5*x = -20. Let h = 20 - x. What is the remainder when 27 is divided by h?
12
Let b = 43 - -72. What is the remainder when b is divided by 24?
19
What is the remainder when 38 is divided by ((-9)/((-360)/112))/(4/10)?
3
Suppose q + 3*q = 8. What is the remainder when 1 + 1*-3 - -116 is divided by (3 + 26)/(q - 1)?
27
Let n = -1816 + 1856. Calculate the remainder when 96 is divided by n.
16
Let i = -9 + 23. Let s(q) = -q**2 + 15*q - 15. Let p be s(13). Suppose -86 = -3*t - p. What is the remainder when t is divided by i?
11
Suppose 8 = 2*u - 8. What is the remainder when -39 + 40 - 4*-3 is divided by u?
5
Suppose 19 = -5*g + 84. Let n(t) = 5*t + 1. Let b be n(1). Suppose c = -3*r + b*c + 80, 5*c + 5 = 0. What is the remainder when r is divided by g?
12
Suppose -5*g + 4*g = -31. Let v = g - 16. What is the remainder when 72 is divided by v?
12
Calculate the remainder when 54 is divided by (-21)/3*17/(-7).
3
Let p = 72 - -26. Suppose -3*t + 48 = x - 69, -3*x - 3*t + 381 = 0. Suppose o + 3*o = x. Calculate the remainder when p is divided by o.
32
Suppose 14 = 3*b - b. Let t = b + -5. Suppose -t*m + 107 = -39. What is the remainder when m is divided by 19?
16
Let k = 13 - 9. Suppose -3*i = i + 12, -3*i = k*w - 139. Suppose w + 147 = 4*j. What is the remainder when j is divided by 12?
10
Suppose -5 + 29 = 3*t. Let a be ((-75)/(-6))/(4/8). Suppose 5*z - 28 = -m + 21, -m + z + a = 0. Calculate the remainder when m is divided by t.
5
Let g = -130 - -155. What is the remainder when g is divided by (-25)/(-2)*16/20?
5
Suppose -2*t - 137 = -2*f - 779, 2*f = -4*t + 1278. Let g(k) = 17*k - 23. What is the remainder when (6/5)/(6/t) is divided by g(2)?
9
Let n = 94 - 73. Calculate the remainder when n is divided by 10.
1
Suppose 18*w - 276 = 156. Calculate the remainder when 1486 is divided by w.
22
Suppose -585 + 169 = -26*c. Calculate the remainder when 87 is divided by c.
7
Let p = 12 - 10. Suppose -q - 7 = -p*q. Suppose q*x = x + 294. Calculate the remainder when x is divided by 13.
10
Suppose 0 = j + 2*d - 31, -3*j + 2*d + 55 + 22 = 0. Calculate the remainder when 62 is divided by j.
8
Let p be 6/(-45) - 77/(-15). Suppose -f + 144 = q + 21, -3*f + 605 = p*q. Calculate the remainder when q is divided by 24.
22
Let o = 398 + 379. Calculate the remainder when o is divided by 15.
12
Let r(z) = -z**2 + 4*z + 1. Let l be r(5). Let g be ((-18)/l - -1)*-8. Let c = g + 69. What is the remainder when c is divided by 14?
11
Let s = -200 - -428. Calculate the remainder when s is divided by 21.
18
What is the remainder when ((-8)/(-4))/(1/((-278)/(-4))) is divided by 28?
27
Suppose -16*y + 225 = 9*y. Let q = 53 + -19. What is the remainder when q is divided by y?
7
Let x = 7 - 8. Let p be 0 + x + (0 - -4). Suppose -2*v + 31 = b, p*v = 2*b + 3 - 65. Calculate the remainder when b is divided by 17.
14
Suppose -2*g - 41 - 33 = -2*p, 3*p - g - 113 = 0. Let u(v) = -v**2 - 8*v - 6. Let q be u(-7). Calculate the remainder when p is divided by -7 + 9 + (0 - -8)*q.
8
Suppose 0 = -0*b - 4*b + 8. Suppose 0*a + 4*a = 4. What is the remainder when b is divided by a?
0
What is the remainder when 231 is divided by (-7 + 3 + 3)*-17?
10
Let s(z) = -5*z**3 - 43*z**2 - 52*z - 63. Let f(k) = k**3 + 11*k**2 + 13*k + 16. Let c(m) = 9*f(m) + 2*s(m). What is the remainder when c(14) is divided by 2?
0
Let a be (1 + 35)/(3/8). Suppose -2*f + a = -58. Let c = 159 - f. Calculate the remainder when c is divided by 14.
12
Let z(k) = -k**3 + 8*k**2 - 3*k - 4. Let h be 208 - ((0 - -3) + -2). Suppose 0 = -4*w + h + 301. What is the remainder when w is divided by z(3)?
31
Let v = 178 - 172. Let p = 22 + -12. Calculate the remainder when p is divided by v.
4
Let t(y) = y**2 - 3*y. Let f be t(5). Suppose -f*q + 498 = -82. Let u(n) = n**2 - 3*n - 3. What is the remainder when q is divided by u(6)?
13
Suppose 76*w = 72*w + 92. Calculate the remainder when 666 is divided by w.
22
Let n(f) be the second derivative of -f**3/2 + f. Let g = 42 - 25. What is the remainder when n(-16) is divided by g?
14
Let p(a) = -2*a. Let o(i) = -5*i + 1. Let f(w) = 4*o(w) - 11*p(w). What is the remainder when f(28) is divided by 8?
4
Let u = 76 - 23. Let x be -3 + (u - -2) - -3. Let k = x + 6. Calculate the remainder when k is divided by 16.
13
Suppose 4*f + 9 = -2*z - 61, -z = -1. Suppose 2*g = 3*g + 2*j - 11, 0 = -4*g + 5*j + 18. Calculate the remainder when (f/15)/(2/(-30)) is divided by g.
4
Suppose -15*d + 545 = -805. What is the remainder when d is divided by 27?
9
Suppose -p + 6*p = 5*b + 1965, 0 = 2*p - b - 791. Let i = -259 + p. Calculate the remainder when i is divided by 28.
27
Let c = -10 + 8. Calculate the remainder when 17 is divided by (-26)/c - -4*1/(-2).
6
Suppose 12*p - 8*p - 168 = 0. Suppose -91 = -k - p. Calculate the remainder when 193 is divided by k.
46
Suppose 25*h = -2 + 252. What is the remainder when ((-2)/(-3))/(2/96) is divided by h?
2
Let p(f) = 28*f**2 - 6*f**2 - f - 8*f**2 - 33 - 13*f**2. Let r be p(0). Let y = 46 + r. What is the remainder when 23 is divided by y?
10
Let p = 1081 + -1056. Calculate the remainder when 346 is divided by p.
21
Let f(v) = 3*v**2 - 11*v + 21. What is the remainder when 1823 is divided by f(4)?
23
Let d(r) = r**2 - r - 54. What is the remainder when 179 is divided by d(-9)?
35
Suppose -3081 = 10*x - 23*x. Calculate the remainder when x is divided by 60.
57
Let y = 673 - 552. Calculate the remainder when 361 is divided by y.
119
Suppose 4*m + 65 = 3*h, 2*h + 3*m + 0*m - 32 = 0. Calculate the remainder when (182/(-28))/((-6)/36) is divided by h.
1
Suppose -4*a - 3 = -39. Let y(q) = -5*q**3 - 11*q**2 + 2*q. Let o be y(-6). What is the remainder when o/80*5/(3 + -2) is divided by a?
6
Suppose 4*q - 16*q = -1884. What is the remainder when q is divided by 8?
5
Let y = 108 + -218. Let t = -97 - y. Suppose 0 = 2*s + 3*b - 84, -s + 3*b + 168 = 4*s. Calculate the remainder when s is divided by t.
10
Suppose -10*v = 19*v - 261. Let s(u) = 9*u - 4. Calculate the remainder when s(3) is divided by v.
5
Let u(s) = s**3 + 6*s**2 - 7*s + 8. What is the remainder when (-627)/38*(-1 + 1/(-3)) is divided by u(-7)?
6
Let g = 24 - -1. What is the remainder 